.
8
Suppose -4*m = -4*z - 48, 5*m - 2*z - 11 - 49 = 0. What is the highest common factor of m and 3?
3
Let v = 21 - 15. Let u = -3 + v. Calculate the greatest common divisor of 12 and u.
3
Suppose 6*k = 2*k + 24. Suppose -v - 24 = -3*v. What is the highest common factor of k and v?
6
Let l = -39 + 49. What is the greatest common factor of 30 and l?
10
Let j be 1 - (-6)/(-2 - -4). Let a be 16/(-3)*(-12)/j. What is the highest common divisor of 4 and a?
4
Let n(w) = 12*w**2 - 2*w. Let i be n(6). Suppose 6*l = 2*l + i. Let c = 18 + -3. What is the greatest common factor of c and l?
15
Let y(g) = 3*g**2 - 2*g - 1. Let o be y(-4). Calculate the greatest common factor of o and 5.
5
Suppose 0 = n + 3*n + 4*s + 8, -4*n - 5*s - 12 = 0. Suppose 5*x = 4*o + 143, o - n*x = 3 - 38. Let q = 62 - o. What is the highest common factor of q and 9?
9
Let p = 5 + -1. Suppose -4*x - 2*l = -106, p*x + x - 143 = l. What is the highest common divisor of x and 42?
14
Suppose -3*y + 10*y - 252 = 0. What is the greatest common divisor of y and 24?
12
Let t = 19 + 26. What is the greatest common factor of t and 18?
9
Let m(i) = i + 9. Let c be m(-7). Suppose -c*b = 5 - 25. Suppose 0 = 3*a + 2*a - k - 6, -a + 3*k = b. What is the highest common divisor of 14 and a?
2
Let a = -287 - -599. What is the highest common divisor of 39 and a?
39
Let u be ((-160)/12)/((-2)/6). Let r(j) = -3*j + 6*j + 2*j**2 - 4 + 2*j. Let f be r(-4). What is the greatest common divisor of u and f?
8
Let q = 207 + -72. Calculate the greatest common factor of q and 27.
27
Suppose 3*x = x + 4. Suppose 5*v = -s + 4, -3*s - x*s - 3*v = -108. Calculate the highest common divisor of 168 and s.
24
Let t be (4 + -8)*10/(-4). Suppose 5*r - 2*m = 50, 0 = -0*r + r + 3*m - t. What is the greatest common divisor of r and 40?
10
Suppose 76 = 4*d - 3*x, -14 = -d + 6*x - 4*x. Let w = -3 + -2. Let g be ((-2)/2)/(w/10). Calculate the greatest common factor of d and g.
2
Let k be (-4)/6 - (-330)/(-18). Let p = k - -46. What is the greatest common factor of p and 18?
9
Let x(t) = 34*t**2 + t - 1. Let b be x(1). What is the greatest common factor of 85 and b?
17
Let j = -36 + 63. Suppose -3*c + 0*c - 5*k = -567, 0 = 5*c + 2*k - 945. What is the highest common divisor of j and c?
27
Let m be (32/14 + -2)*7. Suppose m = -c - 0*c, -5*q - c = -8. Suppose -q*v + 0*v + 28 = 0. Calculate the greatest common factor of v and 14.
14
Suppose -6*h + 3*h - 100 = 5*t, -5*t = -3*h + 70. Let a be t/3 - 4/(-6). Let v be a/30 + 38/12. What is the highest common factor of 27 and v?
3
Let o = 127 + -22. Suppose -2*r - 3*r = -105. Calculate the greatest common divisor of o and r.
21
Let n(h) = h**2 - h + 7. Let a be n(-6). Calculate the greatest common divisor of a and 7.
7
Let y = 70 - 27. Let p = y - -18. Suppose p = j + 11. What is the greatest common factor of j and 20?
10
Suppose -11 = 3*u + 1, -i + 5*u = -452. Calculate the highest common factor of 36 and i.
36
Let i be (1 - (-7)/(-9)) + 424/36. What is the greatest common factor of 12 and i?
12
Let m(z) = -6*z - 4. Let s(l) = -3*l + 6. Let y be s(3). Let k be m(y). Suppose 4*w = 44 + 12. What is the highest common factor of k and w?
14
Suppose 5*o - 6 = 14, -b + 1 = -o. Let n = 17 + b. Let q be 2 + 1 + (-1 - 0). Calculate the greatest common factor of q and n.
2
Let l = -12 - -22. Let q be (-1790)/(-25) - (-4)/l. Calculate the greatest common factor of 8 and q.
8
Let u(y) = 19*y + 2 + 12*y - 7*y. Let s be u(2). Let n be 2*1 - (-72)/4. Calculate the highest common factor of s and n.
10
Let r(x) = 2*x + 4. Let b be r(-3). Let i be b/2 - 4/(-2). What is the greatest common divisor of i and 4?
1
Suppose -8*u + 4*u + 12 = 0. Suppose d + u*d + 4*p - 136 = 0, 4*d - 127 = 5*p. Let r = d - 21. What is the greatest common factor of r and 132?
12
Let y(i) = i**3 + 6*i**2 + 9*i + 9. Let m be y(-4). Suppose -3*h + 36 = -4*s - 4, 2*s = 10. Calculate the greatest common divisor of m and h.
5
Let k be ((-50)/4 - 2)*-2. What is the highest common factor of 319 and k?
29
Let a(s) = -s**3 + 5*s**2 - 3. Let o be -7*((-9)/(-3) + -4). Let t = o - 3. Let q be a(t). Calculate the highest common factor of q and 65.
13
Let z(m) = -2*m + 0*m - 1 + 6*m + 3*m. Let w be z(1). What is the highest common divisor of w and 66?
6
Suppose -21 = 4*y + 4*z - 117, -3*y - 4*z = -75. Let n be y + (-2 - (0 - -2)). Calculate the greatest common divisor of 17 and n.
17
Let j = -41 - -62. What is the greatest common factor of j and 105?
21
Let r = -7 + 4. Let c(b) = -2*b**3 + 2*b**2 + 2*b + 4. Let u be c(r). Let z be 3 + -1 + 1 + 25. What is the highest common divisor of u and z?
14
Suppose 2*k + 90 - 3 = 3*t, 0 = 5*t + 2*k - 129. Suppose 0 = -6*n + n + 15. What is the highest common divisor of t and n?
3
Let i = -99 - -133. What is the greatest common divisor of 85 and i?
17
Suppose -5*q - 6 + 31 = 0. Suppose 0 = -4*l - 5*i + 29, 4*l - q = -3*i + 22. Calculate the highest common factor of 42 and l.
6
Let c = 4 - -2. Suppose 138 = 4*i + c. Suppose 3*m - 33 = -0*m. What is the greatest common factor of i and m?
11
Let c(d) be the third derivative of -d**5/60 - 5*d**4/12 + 2*d**2. Let r be c(-8). Suppose p + 1 = r. What is the highest common divisor of 30 and p?
15
Let m(x) = -x**2 - 7*x - 5. Suppose 5*p - 3*p = -8. Let t be m(p). What is the highest common factor of 7 and t?
7
Let b = 94 + -19. Calculate the highest common divisor of b and 30.
15
Let c = -36 - -78. What is the greatest common factor of 14 and c?
14
Suppose -2 = -z + 4. Let i = -9 - -15. Let d = i + 0. What is the highest common factor of d and z?
6
Suppose -5*k = -0*k - 25. Let l(u) = -u - 3. Let c(b) = -b - 1. Let d(f) = -6*c(f) + 2*l(f). Let w be d(k). What is the highest common divisor of w and 30?
10
Suppose 4*b + 79 = 1123. What is the highest common factor of 29 and b?
29
Suppose 4*m - 41 = 2*h + 63, 0 = -m - 2*h + 31. What is the highest common divisor of 3 and m?
3
Let c = -87 + 164. Suppose 2*w = 3*w - 1, 3*n - 40 = -w. Let v = 24 - n. Calculate the highest common factor of v and c.
11
Let v(q) = -q**3 + 4. Let w be v(0). Let u be ((-1)/w)/(1/(-4)). Let d be u/5 - 298/(-10). Calculate the greatest common divisor of d and 6.
6
Suppose -10 = -3*t - 1. Calculate the greatest common divisor of t and 24.
3
Let g(k) be the first derivative of 7*k**2 + 2. Let p be g(2). What is the greatest common factor of 168 and p?
28
Let u = -1 + 5. Suppose n + 4*n = 2*s + 450, 3*n + u*s - 270 = 0. What is the highest common factor of n and 15?
15
Suppose 2*x = 4*x - 50. Calculate the greatest common divisor of 5 and x.
5
Suppose -12*q = -13*q + 12. Let z = 154 - 22. What is the greatest common divisor of q and z?
12
Let k(a) = -4*a + 4. Let m be k(-5). Suppose m = 2*j + 2*j. Let t = 130 - 64. Calculate the greatest common divisor of j and t.
6
Let o(c) = 5. Let h(b) = -b. Let a(r) = 3*h(r) - o(r). Let g be a(-3). What is the highest common divisor of 8 and g?
4
Let b = 121 - 100. What is the greatest common divisor of 168 and b?
21
Let y be 3*24/(-9)*(-18)/8. Let b(d) = 4*d + 1. Let p be b(2). What is the greatest common factor of p and y?
9
Suppose 3*k + 13 = -2. Let i be (-494)/k + (-5)/(-25). What is the greatest common divisor of i and 11?
11
Let p = 32 + -16. Let t = 3 + -1. Suppose 0 = t*i - 0*i - 48. Calculate the highest common factor of p and i.
8
Let y(b) = -b**3 + b**2 - b + 15. Let v be y(0). Suppose 0*t - 30 = -5*t. Suppose d + 15 = t*d. What is the highest common factor of v and d?
3
Suppose 0 = m - 3*m + 18. What is the greatest common divisor of 18 and m?
9
Let p be (-3)/((-164)/(-176) - 1). What is the highest common divisor of 66 and p?
22
Let t(v) = -v**2 + 8*v - 4. Let a be t(3). Let f = -20 + 31. What is the highest common factor of a and f?
11
Suppose 0 = -3*g + 3, 2*a - 3*g - 74 = -5. Let t = 45 + -36. Calculate the highest common divisor of t and a.
9
Let l be 0 + (-5)/(-10) + (-21)/(-2). What is the greatest common divisor of l and 44?
11
Let p = -2 + 37. Suppose -4*l + 45 = -99. Let g = 50 - l. Calculate the highest common factor of p and g.
7
Let f(h) = -10*h**3 + 1. Let r be f(-1). What is the greatest common factor of 33 and r?
11
Suppose 0 = 4*q + n + 3, 4*q - 3*n = -q - 8. Let v = 5 + q. Calculate the highest common divisor of 10 and v